23/2*a**2 + 39 + 2/3*a**3. What is the hundreds digit of q(-16)?
1
Suppose -91 = 4*g + 5*y + 24, -3*g + 4*y - 63 = 0. Let p = g - -27. Suppose -p*l - 10 = -4*l. What is the units digit of l?
5
Let x = -636 + 1146. Let r = -464 + x. What is the tens digit of r?
4
Suppose 4*v = -w + 14378 - 3797, -2647 = -v - 2*w. Suppose 5*s = 4*q - v, 3*q - 1985 = 3*s + 2*s. What is the hundreds digit of q?
6
Suppose 176*k - 331*k + 2869515 = 0. What is the units digit of k?
3
Let v(l) = 2*l**2 + 19*l - 18. Let r be v(-10). Let q be (-30 - -29)/(1/r). Suppose 170 = 2*d - q. What is the units digit of d?
9
What is the ten thousands digit of 33009*1 + (-146 - -132)?
3
Let m(f) = -1949*f - 2833. What is the units digit of m(-7)?
0
Suppose -52*b = 25*b - 1499575. What is the units digit of b?
5
Let i = -1963 + 11532. What is the units digit of i?
9
Let j(f) = 57*f**2 + 8*f - 4. Let t be (0 + 0 + -2)*3/3. What is the hundreds digit of j(t)?
2
Suppose 4*r - 2*r = 14. Suppose r*t - 3*d = 2*t + 54, t = -5*d - 6. Suppose -3*q + 348 = 3*w, -5*q - t - 6 = 0. What is the tens digit of w?
1
Let u(h) be the first derivative of -h**4/4 - 7*h**3/3 + 11*h**2/2 - 24*h + 999. Let v be (-62)/6 + (-4)/(-12). What is the hundreds digit of u(v)?
1
Let v(b) = b**3 + 15*b**2 - 61*b - 1059. Let o be v(-14). Let a = 2 - 8. What is the units digit of ((-66)/o + a)/((-2)/(-363))?
2
Suppose 0 = n - 170 - 471. Suppose 0 = 6*f - 7*f + 5*t + n, -2*f + t + 1282 = 0. What is the hundreds digit of f?
6
Suppose 2*g - 1196 = 4*w + 130130, 5*w + 25 = 0. What is the ten thousands digit of g?
6
Suppose -685 = -33*i + 1295. Suppose i = 4*g + g - 2*h, -19 = -g - h. What is the tens digit of g?
1
Suppose -25 = -5*p, -a - 3*a - p = -21. Suppose -2*r + 13*m = 18*m - 24, -12 = -a*r - m. Suppose -f + 2*j + 233 = j, 0 = r*j - 10. What is the units digit of f?
8
Suppose -4871 = -6*w + 463. Suppose w = b + 5*x, 5*b + 4*x - 3680 = 744. What is the tens digit of b?
8
Let u = -6850 + 16866. What is the tens digit of u?
1
Suppose 0 = 7504*w - 7497*w - 26166. What is the units digit of w?
8
Suppose 49*q - 26*q - 115 = 0. Suppose 2*h + 1133 = x, 0*x + q*h = -3*x + 3355. What is the thousands digit of x?
1
Let s be 66/24 + (-3)/(-12). Suppose 13 = 4*h - s. Suppose h*m - 195 = -m. What is the tens digit of m?
3
Let w be 14 - 8 - (-4588)/4. Suppose -3*q + 2822 = -a, -3*a = -3*q + 1661 + w. What is the units digit of q?
2
Let i be 11 + (-4 - (5 - 13)). Suppose -5*j + i = 0, -3*k - 693 = -7*k + j. What is the units digit of (6/(-9))/((-4)/k)?
9
Let w(k) = k**2 - 9*k + 14. Let j be w(6). Let h be (-15)/(j/(-8)*-3). Suppose 2*b + 2 - h = 0. What is the units digit of b?
4
Let m(o) = 30*o**2 - 336*o + 105. What is the thousands digit of m(-19)?
7
Let s(z) be the first derivative of 95*z**2/2 - 26*z + 8. What is the units digit of s(7)?
9
Let q be (-16 + 927)/((-4 - -1) + 4). Let i = q + -539. What is the hundreds digit of i?
3
Let z = -976 + 650. Let b = -203 - -659. Let a = z + b. What is the units digit of a?
0
Let w be (1448/40)/((-2)/(-30)). Let z = w - 131. What is the units digit of z?
2
Let n be -75*(7 + 37/(-5)). Suppose 2658 = -n*x + 33*x. What is the tens digit of x?
8
Suppose 4*p = -4*s - 150 + 638, 2*p - 247 = -3*s. Suppose 5*q + 25*i - p = 29*i, -8 = -2*i. What is the units digit of q?
7
Let v(n) = -3*n**3 - 17*n**2 - 59*n - 9. What is the tens digit of v(-8)?
1
Suppose 5*i + 8 = 9*i. Suppose 4*t = 13*q - 8*q - 508, -4*q - t + 398 = 0. What is the units digit of (3/6)/(i/q)?
5
Suppose -6811 = -3*v + 29*c - 34*c, -v + c + 2273 = 0. What is the tens digit of v?
7
Suppose -7*w + 7299 = 2*w. Let s = w - 169. What is the units digit of s?
2
Suppose j - 5*h = 10660, -2*j - 10*h + 13*h = -21278. What is the hundreds digit of j?
6
Suppose 8815 + 313 = 14*z. Suppose -z*l + 2770 = -650*l. What is the hundreds digit of l?
3
Let q(z) = -14*z**3 - 2*z**2 + 14*z + 35. Let h be 2 + ((-238)/51 - (-4)/(-3)). What is the units digit of q(h)?
3
Let h(m) = 2*m - 14. Let b be h(10). Let f(c) = 24*c + 50. What is the units digit of f(b)?
4
Suppose h + 8 = 4*g, 4*h + g + 28 = 3*h. What is the tens digit of (-13)/104 + (-5019)/h?
0
Suppose -3*x = 2*i + 1207, 0*x - x = -i - 596. What is the hundreds digit of i*(9/3 + -4) + -1?
5
Let s = 29 - 25. Let v be -3 + s - 2/(-1). What is the units digit of -2 + 5 + v - -2?
8
Let n = 528 - 319. Let x = n - 330. Let t = 188 + x. What is the tens digit of t?
6
Suppose -343*h + 328*h = -18075. What is the thousands digit of h?
1
What is the units digit of ((-133)/3)/(51/(-2601))?
1
Suppose 34*g = 30*g + 1240. Suppose 4*p - 5*c + 2*c = 31, -c = -4*p + 21. Suppose -6*s = -p*s - g. What is the tens digit of s?
5
Suppose 0 = -17*p + 19*p - 4. Suppose -2*n - 776 = -2*i, -p*i + 4*n = -0*n - 770. What is the units digit of i?
1
Suppose -6 = -x + 2*k, -4*k - 20 = -0*k. Let w be x/8*-2*7. Suppose -w = -s + 85. What is the units digit of s?
2
Let c(p) = -8*p**3 + p**2 - 3*p + 3. Let j be c(1). What is the tens digit of (-14)/(-49)*j - 867/(-1)?
6
Let i(l) = 11*l + 70*l**2 - 10 - 38*l**2 - 33*l**2. Let a be i(5). Suppose -g = a - 138. What is the units digit of g?
8
Suppose -223*z + 790560 = 82*z - 65*z. What is the hundreds digit of z?
2
Suppose -20 - 12 = 4*c. Let z be 39/12 + 2/c. Suppose 0*t - 3*t + 235 = 4*a, -9 = z*t. What is the units digit of a?
1
Suppose 19*x - 127026 = 60732. What is the units digit of x?
2
Suppose -5*o + 4*a - 327 = 0, -o - 3*a = -2*a + 60. Let v = -27 - o. Let g = v - -98. What is the units digit of g?
4
Suppose -4*n + 7411 - 2185 = -5*j, 2*j - 1313 = -n. Suppose 3*d = 15, -3*t + d = -0*t - n. What is the tens digit of t?
3
Suppose 0 = 13*q - 18*q + 2520. Let k = q + -250. What is the tens digit of k?
5
Suppose 5*v - 6795 = -2*x - 947, -v = -2. What is the tens digit of (7/(63/24))/(14/x)?
5
Suppose 4*l + 0*u - 3*u - 3 = 0, 5*u + 5 = -l. Suppose l*n + 2*n = 5*j - 9, -57 = 4*n + 3*j. What is the units digit of 645/9 + 8/n?
1
Let p = 120 + 238. Let j = -220 + p. What is the hundreds digit of j?
1
Let l = -2128 + 10408. What is the hundreds digit of l?
2
Let z(x) = -768*x**2 - 3*x - 1. Let a be z(-1). Let h = -474 - a. What is the hundreds digit of h?
2
Suppose -7*c - 39349 = -4*o - 12*c, 3*o - 29478 = 3*c. What is the hundreds digit of o?
8
Suppose -463*q + 8596070 = -6756547. What is the ten thousands digit of q?
3
Suppose -2*n + 5*b + 4972 - 572 = 0, 4*b + 6586 = 3*n. What is the units digit of n?
0
Suppose -4 = 4*j + 5*o, 5*j - 4*o = -23 + 59. Suppose j*w + 23 - 123 = 0. What is the hundreds digit of (0 + -10)*(w + 5)/(-3)?
1
Suppose 33*t = 31*t + 12. Let c be (t + -1)/(10/50). Suppose u - 5*l = c, u + 4 - 22 = -2*l. What is the units digit of u?
0
Suppose 7*u = 9835 + 7280. What is the thousands digit of u?
2
Suppose 6*c - 10*c = -16. Suppose 0 = c*w - 3*h - 53, -h - 104 + 41 = -4*w. What is the tens digit of (w/(-2))/(4/(-104))?
2
Let u(h) = 2*h**2 + h + 10. Let j be u(0). What is the hundreds digit of 27*13 - (72/(-9) + j)?
3
Let z(n) = -n**2 + 48*n - 233. Let p be z(6). Suppose p*w - 36*w = -19652. What is the tens digit of w?
5
Let b = 689 + -169. Suppose -9*v + 4250 = -b. Suppose -4*g + v = g. What is the tens digit of g?
0
Let l(t) = -298*t + 1647. What is the hundreds digit of l(-26)?
3
Let c = -6898 - -11819. What is the thousands digit of c?
4
Let m = -4235 - -11140. What is the thousands digit of m?
6
Suppose -110642 = 189*b - 203*b. What is the tens digit of b?
0
Let a = 39 - 37. Suppose -2 + 7 = f. What is the tens digit of -3 - -7 - a - -5*f?
2
Let v = 43 + -40. Suppose -v*b + 4 = -a - 6, 60 = -2*a - 2*b. Let o = 36 + a. What is the units digit of o?
1
Suppose -21*h + 411283 = 7*h + 88023. What is the units digit of h?
5
What is the tens digit of 5504090/255*3/2?
7
Let j be 12/(-102) - (378/(-17))/2. Let v = j + 37. Let n = v + 1. What is the tens digit of n?
4
Suppose 28*p - 537091 = 595931 + 213778. What is the ten thousands digit of p?
4
Let h be -43*1 - (-5)/(-20)*-4. Let m = h + 47. Suppose -f + 61 = 3*z, 0 = -m*z - 7*f + 2*f + 95. What is the tens digit of z?
2
Suppose 8*f - 2*v + 74864 = 10*f, -149719 = -4*f + 5*v. What is the units digit of f?
1
What is the hundreds digit of (-18)/(-78) + (-416620)/(-130)?
2
Let q = 5405 + 17821. What is the thousands d